e 9?
-14036
What is -255a7 (base 12) in base 4?
-30130033
Convert 315313 (base 6) to base 4.
12103131
What is 25a9 (base 11) in base 3?
11122102
1691 (base 15) to base 9
6601
-521131 (base 6) to base 13
-16000
-2020011 (base 3) to base 15
-734
5242 (base 7) to base 16
733
Convert -b76 (base 12) to base 11.
-1292
What is -10422 (base 6) in base 11?
-1102
Convert 4005 (base 6) to base 4.
31211
-438 (base 15) to base 9
-1268
Convert -5141 (base 7) to base 15.
-7e8
What is -2257 (base 10) in base 2?
-100011010001
What is 5a8 (base 13) in base 16?
3d7
1025 (base 7) to base 2
101101010
-2ce (base 16) to base 3
-222121
What is 868 (base 9) in base 3?
222022
-23d (base 15) to base 2
-111111100
260b (base 12) to base 8
10353
1211050 (base 6) to base 11
43995
40466 (base 7) to base 10
9848
Convert 164 (base 12) to base 7.
433
-b23 (base 15) to base 14
-cb2
What is d817 (base 15) in base 6?
551321
-211020022 (base 3) to base 6
-203012
1551 (base 8) to base 15
3d3
a61 (base 14) to base 4
133331
What is -38054 (base 10) in base 5?
-2204204
-110030 (base 6) to base 16
-2382
Convert -9551 (base 15) to base 14.
-b716
-728 (base 16) to base 3
-2111212
-484 (base 16) to base 14
-5c8
Convert 3012101 (base 4) to base 3.
122101222
Convert 4797 (base 10) to base 6.
34113
What is 871 (base 15) in base 9?
2547
Convert 4131 (base 7) to base 16.
5a3
-545 (base 8) to base 11
-2a5
-715b (base 13) to base 7
-63360
Convert 113032 (base 4) to base 8.
2716
2000b (base 12) to base 13
15b60
Convert -c156 (base 13) to base 14.
-99a4
15b7 (base 14) to base 5
111020
What is -2212221012 (base 3) in base 13?
-1cb23
Convert 210324 (base 5) to base 13.
3229
What is 14126 (base 7) in base 8?
7402
10032 (base 9) to base 4
1212332
Convert 8720 (base 15) to base 10.
28605
-823 (base 13) to base 10
-1381
What is 14946 (base 10) in base 5?
434241
Convert -168 (base 14) to base 2.
-100100000
Convert 252 (base 10) to base 16.
fc
2110221 (base 3) to base 2
11100001111
344 (base 8) to base 7
444
111100001011010 (base 2) to base 14
b32a
-1365 (base 10) to base 2
-10101010101
What is 1330 (base 8) in base 15?
338
94 (base 12) to base 14
80
What is 42aa8 (base 11) in base 2?
1111010001011010
8021 (base 9) to base 12
3477
-a004 (base 12) to base 13
-7b37
Convert 73c (base 13) to base 7.
3412
Convert -121121 (base 3) to base 2.
-111000000
Convert -3130 (base 14) to base 8.
-20426
Convert -3b3 (base 15) to base 3.
-1011020
What is -10401 (base 7) in base 16?
-a26
-2237 (base 15) to base 13
-33bb
Convert 5918 (base 15) to base 6.
223335
Convert -118 (base 13) to base 5.
-1230
-13098 (base 10) to base 8
-31452
Convert -2414 (base 6) to base 9.
-721
What is 103212 (base 4) in base 12?
886
26a (base 11) to base 5
2233
-b89d (base 14) to base 11
-21a62
What is -263 (base 12) in base 15?
-193
63d (base 14) to base 16
4cf
Convert -453 (base 10) to base 16.
-1c5
What is -32111 (base 4) in base 8?
-1625
What is -10131 (base 5) in base 10?
-666
What is -ddab (base 14) in base 15?
-b581
Convert 643 (base 9) to base 12.
379
What is -31444 (base 5) in base 7?
-6123
-4101022 (base 5) to base 11
-45454
Convert 2131021 (base 4) to base 3.
111210111
Convert 48520 (base 9) to base 11.
22465
What is 627 (base 13) in base 7?
3024
2122131 (base 5) to base 3
1211021020
Convert -1800 (base 10) to base 3.
-2110200
30122210 (base 4) to base 2
1100011010100100
Convert -2129 (base 10) to base 8.
-4121
231423 (base 6) to base 8
46547
What is 454 (base 13) in base 6?
3241
Convert 81 (base 15) to base 10.
121
Convert 1d3 (base 16) to base 11.
395
-12863 (base 11) to base 6
-220524
-277 (base 14) to base 3
-200102
What is -3421 (base 7) in base 9?
-1627
What is 5267 (base 10) in base 5?
132032
What is 32032 (base 4) in base 16?
38e
-11012010 (base 3) to base 8
-5756
What is 658 (base 13) in base 11?
8a9
Convert cc27 (base 15) to base 14.
11a85
Convert 1864 (base 10) to base 14.
972
Convert 2379 (base 12) to base 4.
332031
What is -22623 (base 8) in base 3?
-111012021
What is 17884 (base 9) in base 16?
3064
-b090 (base 15) to base 16
-918c
What is -135 (base 15) in base 16?
-113
Convert -403 (base 10) to base 9.
-487
Convert 3757 (base 13) to base 9.
11677
Convert -2188 (base 10) to base 6.
-14044
What is 7a8 (base 13) in base 5?
20241
1211 (base 12) to base 2
11111101101
What is -22202210 (base 3) in base 10?
-6393
Convert 7422 (base 14) to base 6.
232410
Convert -a46 (base 12) to base 7.
-4233
Convert 1aa (base 13) to base 3.
102110
What is 102c (base 13) in base 3?
10001210
What is -2708 (base 14) in base 2?
-1101011010100
3241 (base 6) to base 4
23221
Convert 113 (base 10) to base 15.
78
Convert -5bc (base 13) to base 12.
-6b4
Convert -6786 (base 16) to base 6.
-322410
Convert -22ed (base 15) to base 13.
-34c0
-1010010100 (base 2) to base 6
-3020
What is 110221212 (base 3) in base 15?
2beb
What is 13334 (base 10) in base 15?
3e3e
What is -37 (base 14) in base 8?
-61
What is 98 (base 15) in base 7?
263
What is 2214 (base 6) in base 3?
201001
Convert 5216 (base 10) to base 15.
182b
What is -2301 (base 9) in base 15?
-787
What is 111010101 (base 2) in base 14?
257
Convert 2020 (base 6) to base 8.
674
What is 33320 (base 4) in base 5?
13031
What is -15769 (base 10) in base 4?
-3312121
What is -1001120211 (base 3) in base 14?
-7847
Convert 143063 (base 7) to base 11.
19717
What is -1227 (base 9) in base 2?
-1110010100
Convert -13221 (base 4) to base 2.
-111101001
What is 12265 (base 7) in base 6?
22544
Convert 2050 (base 6) to base 16.
1ce
10100100101111 (base 2) to base 13
4a50
3421 (base 10) to base 7
12655
What is 35111 (base 6) in base 16?
1393
557 (base 9) to base 14
249
What is 115204 (base 7) in base 5?
1133100
-6786 (base 12) to base 3
-120202010
10110010100010 (base 2) to base 11
8648
What is -494 (base 12) in base 3?
-221111
What is 76076 (base 8) in base 16?
7c3e
What is -1704 (base 8) in base 5?
-12324
Convert -9d6a (base 15) to base 14.
-c25a
Convert 1000002 (base 3) to base 16.
2db
Convert 3721 (base 13) to base 12.
4621
952 (base 13) to base 6
11204
Convert 14858 (base 11) to base 7.
115133
What is -31022332 (base 4) in base 9?
-82004
What is -137 (base 13) in base 5?
-1330
672 (base 10) to base 6
3040
What is -1 (base 3) in base 16?
-1
Convert 230000 (base 5) to base 8.
17675
What is 749 (base 11) in base 9?
1210
Convert 2454 (base 9) to base 13.
aab
What is 3c9b (base 13) in base 9?
12888
What is -513032 (base 6) in base 14?
-10c56
Convert 3bcd (base 15) to base 6.
135121
-44784 (base 10) to base 9
-67380
What is -6870 (base 11) in base 4?
-2031013
2411232 (base 5) to base 2
1010111000010111
-2121040 (base 5) to base 3
-1211001211
-985 (base 15) to base 2
-100001100110
-2203 (base 14) to base 3
-22001220
-72b9 (base 13) to base 16
-3dfd
What is 618f (base 16) in base 9?
37230
312123 (base 6) to base 8
61023
-66810 (base 10) to base 12
-327b6
Convert 2000111001 (base 3) to base 6.
503514
Convert 1015 (base 6) to base 15.
102
Convert -b6f3 (base 16) to base 9.
-71218
What is -10004 (base 7) in base 15?
-aa5
What is 1801 (base 15) in base 6?
35544
Convert 2321 (base 6) to base 8.
1051
Convert 159 (base 12) to base 5.
1323
Convert a83 (base 16) to base 12.
1683
What is 430130 (base 5) in base 8?
34117
What is -376 (base 11) in base 16?
-1be
Convert -2432 (base 7) to base 10.
-905
-59a4 (base 11) to base 6
-100214
What is -210101 (base 3) in base 15?
-287
What is -11102 (base 5) in base 8?
-1411
Convert 183a5 (base 11) to base 4.
12102213
15640 (base 11) to base 15
6811
-559 (base 14) to base 4
-100203
111102201 (base 3) to base 8
23101
Convert 4090 (base 16) to base 2.
100000010010000
28c (base 13) to base 3
121211
Convert 1240 (base 5) to base 2.
11000011
40245 (base 7) to base 3
111100120
Convert 326 (base 11) to base 3.
112111
Convert 4bc (base 14) to base 6.
4222
What is -1104 (base 6) in base 13?
-169
125434 (base 8) to base 14
11d6c
What is 97e (base 16) in base 9?
3300
Convert 31bb (base 15) to base 4.
2210132
-2721 (base 9) to base 16
-7fc
-3202032 (base 4) to base 9
-21766
40151 (base 6) to base 15
1851
2332 (base 6) to base 8
1060
What is 773 (base 11) in base 3?
1021100
Convert 2e7 (base 15) to base 2.
1010011011
141304 (base 5) to base 7
22665
What is -21613 (base 7) in base 2?
-1010101001001
Convert -